*2. Determine u(5).
-5
Let q(i) = 3*i**2 - 41*i + 30. Let o be (0/(-3) - 1/2)/(37/(-962)). What is q(o)?
4
Let o be 2538/(-3807)*((-9)/2)/(-1). Let t(h) = -4*h**2 + 9*h + 2. Let k(s) = s**2 - s - 1. Let q(r) = -6*k(r) - t(r). Determine q(o).
-5
Let c(a) = 1617 + 3*a - 811 + 0*a - 802 + 3*a. Calculate c(6).
40
Let b(h) = -65*h**3 + 10*h**2 + 24*h - 33. Let y(w) = 87*w**3 - 9*w**2 - 23*w + 33. Let z(m) = -4*b(m) - 3*y(m). What is z(-10)?
3
Let a(t) be the third derivative of -125*t**4/24 + t**3/3 - 2718*t**2. What is a(1)?
-123
Let m(k) = 4*k**2 - 166*k + 77. Suppose -z + 5 = -4*w, z - w - 17 = 15. Calculate m(z).
-5
Let s(z) be the second derivative of 2 + 1/6*z**3 - 3/2*z**2 - 14*z. What is s(6)?
3
Suppose 0 = 2*l + 2 - 12. Suppose 2*j + 24 = l*j. Let d(g) = -1200*g - 3 + 1 + 1201*g. Give d(j).
6
Let w(a) be the first derivative of -a**5/30 - a**4/4 - 5*a**3/6 - 21*a**2/2 - 14. Let y(m) be the second derivative of w(m). Calculate y(-5).
-25
Let q(v) = -3*v**2 + 13*v + 11. Suppose -17 = -u - 4*r, r + 13 = 5*u - 3*r. Let a be q(u). Let m(l) = 21*l**2 - l. Determine m(a).
20
Suppose -11*m + 14*m - 12 = 0. Let n(r) = 3*r**2 + 13. What is n(m)?
61
Let c(s) = s - 9. Let l(i) be the first derivative of i**4/2 + 53*i**3/3 - 25*i**2/2 + 60*i + 229. Let v be l(-27). Calculate c(v).
-3
Let k(n) = -n**2 + 10*n + 30. Let s(u) = 24*u + 829. Let m be s(-34). What is k(m)?
-9
Let b(i) = -11*i**2 + 58*i - 66. Let a be b(3). Let v(n) be the first derivative of n**4/4 - 10*n**3/3 + 9*n**2/2 + 10*n + 11. Determine v(a).
10
Let t = 52 - 49. Let a(v) = -7*v**2 - 4. Let k(y) = -10*y**2 - 6. Let x(m) = -7*a(m) + 5*k(m). Calculate x(t).
-11
Let o(r) = r**3 + 6*r**2 - 3*r - 3. Suppose 7 = -6*c - 5. Let v be (1/c)/(9/108). Calculate o(v).
15
Let k(c) be the third derivative of -c**6/120 + c**5/12 + c**4/12 + 3*c**3 - 23*c**2 + 42. Give k(6).
-6
Let u(i) = -2*i**3 - i**2 + 6*i. Let v(a) = -11*a**2 - 6*a + 5. Let n(o) = u(o) - v(o). Calculate n(6).
-5
Let r(i) = -i**3 - 8*i**2 - 2*i - 6. Suppose -5*d - 9*d = -140. Let z = 2 - d. Give r(z).
10
Let m(r) = r + 17. Let t = -78 + 81. Suppose t*q + q - 249 = 5*k, 4*k = -20. Suppose 2*p = -6*p - q. Give m(p).
10
Let c(r) = -r**3 + 3*r**2 - 1. Let s be c(1). Suppose -216*k = -224*k + 48. Let y(f) = -883*f**2 - k*f + 886*f**2 + 7*f. Give y(s).
4
Let z be 20/11*66*14/168. Let d(a) = 2*a**3 - 22*a**2 + 23*a + 5. Calculate d(z).
35
Suppose -5*w = 2*d - d - 55, 2*d = -2*w + 22. Let x(c) = w - 4*c - 20363*c**2 - 7*c + 20364*c**2. What is x(10)?
1
Let c(l) be the second derivative of -l**3/3 + l**2 - 5296*l. Suppose -6 - 1 = t. Let s = t + 1. What is c(s)?
14
Let k(f) be the third derivative of -f**6/120 - f**5/30 - f**4/24 + 7*f**3/6 - 1620*f**2. Give k(2).
-11
Let t(s) be the third derivative of -s**6/120 + 7*s**5/60 - s**4/6 - 7*s**3/6 - 2*s**2 + 155. Let l be 3*(2 - (-80)/(-15)). Let i = l + 16. Calculate t(i).
5
Let v(u) = -u + 7*u**3 - 17*u**3 + 418 + 32*u**2 + 13*u**3 - 9*u - 391. What is v(-11)?
16
Let j(c) = -c**2 - 5*c + 13. Let g(x) = 6*x**2 + 13*x - 37. Let l(i) = -4*g(i) - 11*j(i). What is l(-2)?
-53
Suppose 5*u - 6 = 19. Let n(f) = u - 5 + 7*f - 4 + 0*f - 1. What is n(2)?
9
Let o(u) = 4*u**2 + 73*u - 64. Let c(g) = -6*g**2 + g + 3. Let y be c(2). Let t be o(y). Let n(f) = -f**2 - 7*f - 10. Give n(t).
-10
Let q(d) = 0 - d**2 + 3 + 6 + 5*d - 3. Let o be (111/24)/1 - (-6)/16. Give q(o).
6
Let x(h) = 6*h + 9. Let y(v) = -2*v - 3. Let g be (-5 + (-23)/(-5))/((-2)/40). Suppose -2*q - g = 26. Let a(z) = q*y(z) - 6*x(z). Calculate a(-6).
9
Suppose 3*t + t = -5*k - 268, 3*k + 136 = -2*t. Let g = t - -66. Let o(n) = 10*n - 1. What is o(g)?
39
Let r be (11/(22/(-6)))/((-9)/6). Let p(i) = -i + 0*i - 5*i**r + 13 - 10*i**3 - 8 + 9*i**3. Give p(-5).
10
Let k(w) be the third derivative of 7*w**4/8 + 5*w**3/6 - 7217*w**2. Calculate k(-1).
-16
Let b(n) = 5*n + 4. Let r(x) be the third derivative of 0 + 0*x - 32*x**2 - 1/8*x**4 - 2*x**3. Let s be r(-3). Give b(s).
-11
Let x be 30*(3 - 20/8). Let h(l) = 2*l - 11. Determine h(x).
19
Let d = 162 - 92. Let r = 66 - d. Let i(h) = 3*h + 7. Determine i(r).
-5
Let a(i) = i**3 - 3*i**2 - 2*i - 14. Let j(z) = 2*z**3 + 71*z**2 - 192*z - 72. Let f be j(-38). What is a(f)?
-6
Let t(d) = -7*d**2 - 3*d + 3. Let c(o) = 11*o**2 + 4*o - 4. Let b = -52 + 44. Let f(n) = b*t(n) - 5*c(n). Let y(h) = 2*h + 10. Let v be y(-8). Determine f(v).
8
Let m = 33860 + -33871. Let d(g) = g**3 + 13*g**2 + 17*g - 35. Calculate d(m).
20
Let p = 6324 + -6323. Let g(y) = -5*y + 9. Calculate g(p).
4
Let d(j) = -7*j**3 + 11*j**2 + 6*j + 11. Let a(p) = 2*p**3 - p**2 + p - 1. Let u(g) = -4*a(g) - d(g). Give u(-5).
-7
Let c(i) = 3*i + 1. Let h(u) = -u**3 - 38*u**2 - 40*u - 115. Suppose 8*p + 146 = -150. Let r be h(p). Determine c(r).
-11
Let t(g) = -18*g - 3. Let b(y) = 2*y**2 + 41*y - 21. Let w be b(-21). Give t(w).
-3
Let i be ((-20)/(-15))/((-5)/(45/(-6))). Suppose -3*n - 2*l - 4 + i = 0, 6 = -n - 2*l. Let y be 45/12 + n - (-2)/8. Let d(g) = g**3 - 6*g**2 + g + 7. Give d(y).
13
Let y(k) = -9*k - k**3 + 4*k**2 - 29*k**2 + 11*k**2 + 4*k**2 + 6. Suppose 0 = -5*t - 5*h - 55, 0 = -2*t + t + h - 7. Calculate y(t).
6
Suppose 40*m - 45*m = 125. Let d = 26 + m. Let g(n) = 37*n**3 + n**2. Calculate g(d).
38
Suppose 0*a = -5*a + 5*n - 5, -a + 14 = -4*n. Let v(w) = -15*w + 37. Let c(q) = -22*q + 10 + 15*q + 8. Let p(b) = a*v(b) + 13*c(b). What is p(8)?
4
Let j(k) = -k**3 + 19*k**2 - k + 23. Let h be j(19). Let v(i) = -1. Let o(x) = -2*x - 10. Let g(n) = h*v(n) - o(n). Let m = 3 + -7. What is g(m)?
-2
Let o(m) = 6*m + 13*m + m**2 - 8*m + 3 + 1. Let g = 68 + -38. Suppose 0*i = 4*i - t + 45, 0 = -5*i - 4*t - g. What is o(i)?
-6
Let x(l) = -l**3 - l**2 + 53. Let a = -549 + 549. What is x(a)?
53
Let r(z) = -2*z**2 - 2*z + 9. Let q = 2448 + -2443. Calculate r(q).
-51
Let t(g) = g**3 + g**2 - 3*g - 7. Let a(j) be the first derivative of j**3/3 - 2*j + 152. Let u(o) = 4*a(o) - t(o). What is u(3)?
8
Let l(i) = 10*i + 2. Let o(d) = -18*d - 3. Let p be 1*(-1)/4 - (-805)/(-140). Let r(j) = p*o(j) - 10*l(j). Suppose 2*n = -2*n + 8. Give r(n).
14
Let v be (-2)/(-5) + 52/(-5). Let u(a) = -a**3 + 10*a**2 + 4*a + 11. Let n(w) = w**3 - w. Suppose 20*o - 25*o = 5. Let s(c) = o*u(c) - 2*n(c). What is s(v)?
9
Let h(f) = -2*f**2 - 20*f - 39. Let l = -527 - -520. Give h(l).
3
Let h = 2228 - 2225. Let n(m) be the third derivative of 1/12*m**4 + 0 - 8*m**2 + 0*m + 1/2*m**h. What is n(-5)?
-7
Let s(t) = 7*t**2 - 3*t - 2. Suppose 11*v - 13*v = b - 4, -4*v - 34 = -5*b. Let u be -6*(-8)/32*(-4)/b. Give s(u).
8
Let q(c) = 0*c - 5*c + 2 - 11*c + 9*c - 3*c. What is q(1)?
-8
Let i be 1/((-50)/(-254)) + 230/(-2875). Let l(t) = 2*t + 18. Give l(i).
28
Let r(t) = 4*t**2 + 8 - 573*t - 5*t**2 + 6 + 586*t. What is r(10)?
44
Let z(y) be the third derivative of -y**6/120 - 13*y**5/60 - 5*y**4/12 + 23*y**3/6 + 683*y**2. Calculate z(-12).
-1
Let y(f) = 14*f**2 - 167 + 50 - 5*f + 120. Calculate y(1).
12
Let t(b) = 7*b - 50. Let p be t(8). Let q(o) = 5*o**3 - 14*o**2 - 11*o + 16. Let r(a) = a**3 - a**2 - 2*a + 1. Let l(h) = p*r(h) - q(h). Determine l(-8).
-2
Let h(j) = j**2 - 66*j + 252. Let b be h(4). Let k(o) be the third derivative of -1/6*o**4 + 0 + 1/3*o**3 - 4*o**2 + 0*o. Give k(b).
-14
Let c(i) = -17*i**3 + 25*i**2 - 13*i - 54. Let a(k) = -3*k**3 + 5*k**2 - 3*k - 10. Let m(g) = 11*a(g) - 2*c(g). Suppose -6*u + 8 = 44. Determine m(u).
4
Let p(g) = 3*g**3 + 8*g**2 - 7*g + 17. Let n(l) = 7*l**3 + 20*l**2 - 15*l + 34. Let o(i) = -4*n(i) + 9*p(i). Give o(-7).
-11
Let r(x) be the second derivative of x**4/12 - 53*x**3/6 - 79*x**2 + 3*x + 141. What is r(-3)?
10
Let m be 48/80*-25 + 20. Let h(b) = -9*b - 1. Calculate h(m).
-46
Let h(x) = 2*x - 1. Suppose 3*z + 66 + 123 = 0. Let s = 68 + z. Let n be s*(-2)/(-10) - (2 - 5). Calculate h(n).
7
Let s(h) = -2*h**2 + 13*h + 0 + 10 - 6 - 6. Let c = -58 - -64. Let a be s(c). Let p(k) = k**3 - 2*k**2 - 6*k + 1. Give p(a).
9
Let i(a) = 6 - a + 2*a + 122*a**3 - 130*a**3 + 3*a. Let p(z) = 7*z**3 - 3*z - 4. Let h(s) = 2*i(s) + 3*p(s). What is h(-1)?
-4
Suppose 0*p - 4*p + 16 = 0. Let a(x) be the first derivative of -6*x**2 - 15*x + 50. Let j(s) = 3*s + 4. Let u(g) = p*a(g) + 15*j(g). Calculate u(2).
-6
Suppose 2*n + 3*b = 17, -n + 4 = 17*b - 14*b